{"id":38,"date":"2021-06-03T19:12:55","date_gmt":"2021-06-03T17:12:55","guid":{"rendered":"http:\/\/rajnosky.abson.cz\/?page_id=38"},"modified":"2023-05-17T15:12:10","modified_gmt":"2023-05-17T13:12:10","slug":"ochrana-osobnich-udaju","status":"publish","type":"page","link":"https:\/\/rajnosky.cz\/?page_id=38","title":{"rendered":"Ochrana osobn\u00edch \u00fadaj\u016f"},"content":{"rendered":"\n<p><strong>GDPR<\/strong><br>Spr\u00e1vce t\u00edmto v souladu s ustanoven\u00edm \u010d.13 Na\u0159\u00edzen\u00ed Evropsk\u00e9ho parlamentu a Rady (EU) \u010d. 2016\/679 ze dne 27.dubna 2016, obecn\u00e9ho na\u0159\u00edzen\u00ed o ochran\u011b osobn\u00edch \u00fadaj\u016f (d\u00e1le jen \u201eNa\u0159\u00edzen\u00ed\u201c), informuje, \u017ee:<\/p>\n\n\n\n<ul class=\"wp-block-list\">\n<li>Osobn\u00ed \u00fadaje Subjekt\u016f budou zpracov\u00e1ny na z\u00e1klad\u011b jeho svobodn\u00e9ho souhlasu v rozsahu nezbytn\u011b nutn\u00e9m pro obchodn\u00ed komunikaci, marketingov\u00e9 \u00fa\u010dely, pop\u0159. pro pot\u0159ebn\u00e9 sou\u010dinnost se st\u00e1tn\u00edmi \u00fa\u0159ady.<\/li>\n\n\n\n<li>D\u016fvod poskytnut\u00ed osobn\u00edch \u00fadaj\u016f Subjektu \u00fadaj\u016f \u2013 pro \u00fa\u010dely obchodn\u00ed komunikace a pro marketingov\u00e9 \u00fa\u010dely<\/li>\n\n\n\n<li>Spr\u00e1vce nem\u00e1 v \u00famyslu p\u0159edat osobn\u00ed \u00fadaje Subjektu \u00fadaj\u016f do t\u0159et\u00ed zem\u011b, mezin\u00e1rodn\u00ed organizaci nebo jin\u00fdm, ne\u017e v\u00fd\u0161e uveden\u00fdm t\u0159et\u00edm osob\u00e1m.<\/li>\n\n\n\n<li>Subjekt \u00fadaj\u016f m\u00e1 pr\u00e1vo kdykoliv odvolat sv\u016fj souhlas se zpracov\u00e1n\u00ed, osobn\u00edch \u00fadaj\u016f, pr\u00e1vo po\u017eadovat od Spr\u00e1vce p\u0159\u00edstup ke sv\u00fdm osobn\u00edm \u00fadaj\u016fm, jejich opravu nebo v\u00fdmaz, pop\u0159. Omezen\u00ed zpracov\u00e1n\u00ed, a vzn\u00e9st n\u00e1mitku proti zpracov\u00e1n\u00ed, m\u00e1 pr\u00e1vo na p\u0159enositelnost t\u011bchto \u00fadaj\u016f k jin\u00e9mu spr\u00e1vci, jako\u017e i pr\u00e1vo podat st\u00ed\u017enost u \u00da\u0159adu pro ochranu osobn\u00edch \u00fadaj\u016f, m\u00e1-li za to, \u017ee Spr\u00e1vce p\u0159izpracov\u00e1n\u00ed osobn\u00edch \u00fadaj\u016f postupuje v rozporu s Na\u0159\u00edzen\u00edm.<\/li>\n<\/ul>\n","protected":false},"excerpt":{"rendered":"<p>GDPRSpr\u00e1vce t\u00edmto v souladu s ustanoven\u00edm \u010d.13 Na\u0159\u00edzen\u00ed Evropsk\u00e9ho parlamentu a Rady (EU) \u010d. 2016\/679 ze dne 27.dubna 2016, obecn\u00e9ho na\u0159\u00edzen\u00ed o ochran\u011b osobn\u00edch \u00fadaj\u016f (d\u00e1le jen \u201eNa\u0159\u00edzen\u00ed\u201c), informuje, \u017ee:<\/p>\n","protected":false},"author":1,"featured_media":0,"parent":0,"menu_order":30,"comment_status":"closed","ping_status":"closed","template":"","meta":{"footnotes":""},"class_list":["post-38","page","type-page","status-publish","hentry"],"yoast_head":"<!-- This site is optimized with the Yoast SEO plugin v26.9 - https:\/\/yoast.com\/product\/yoast-seo-wordpress\/ -->\n<title>Ochrana osobn\u00edch \u00fadaj\u016f - Rajno\u0161ky<\/title>\n<meta name=\"robots\" content=\"index, follow, max-snippet:-1, max-image-preview:large, max-video-preview:-1\" \/>\n<link rel=\"canonical\" href=\"https:\/\/rajnosky.cz\/?page_id=38\" \/>\n<meta property=\"og:locale\" content=\"cs_CZ\" \/>\n<meta property=\"og:type\" content=\"article\" \/>\n<meta property=\"og:title\" content=\"Ochrana osobn\u00edch \u00fadaj\u016f - Rajno\u0161ky\" \/>\n<meta property=\"og:description\" content=\"GDPRSpr\u00e1vce t\u00edmto v souladu s ustanoven\u00edm \u010d.13 Na\u0159\u00edzen\u00ed Evropsk\u00e9ho parlamentu a Rady (EU) \u010d. 2016\/679 ze dne 27.dubna 2016, obecn\u00e9ho na\u0159\u00edzen\u00ed o ochran\u011b osobn\u00edch \u00fadaj\u016f (d\u00e1le jen \u201eNa\u0159\u00edzen\u00ed\u201c), informuje, \u017ee:\" \/>\n<meta property=\"og:url\" content=\"https:\/\/rajnosky.cz\/?page_id=38\" \/>\n<meta property=\"og:site_name\" content=\"Rajno\u0161ky\" \/>\n<meta property=\"article:modified_time\" content=\"2023-05-17T13:12:10+00:00\" \/>\n<meta name=\"twitter:card\" content=\"summary_large_image\" \/>\n<meta name=\"twitter:label1\" content=\"Odhadovan\u00e1 doba \u010dten\u00ed\" \/>\n\t<meta name=\"twitter:data1\" content=\"1 minuta\" \/>\n<script type=\"application\/ld+json\" class=\"yoast-schema-graph\">{\"@context\":\"https:\/\/schema.org\",\"@graph\":[{\"@type\":\"WebPage\",\"@id\":\"https:\/\/rajnosky.cz\/?page_id=38\",\"url\":\"https:\/\/rajnosky.cz\/?page_id=38\",\"name\":\"Ochrana osobn\u00edch \u00fadaj\u016f - Rajno\u0161ky\",\"isPartOf\":{\"@id\":\"https:\/\/rajnosky.cz\/#website\"},\"datePublished\":\"2021-06-03T17:12:55+00:00\",\"dateModified\":\"2023-05-17T13:12:10+00:00\",\"breadcrumb\":{\"@id\":\"https:\/\/rajnosky.cz\/?page_id=38#breadcrumb\"},\"inLanguage\":\"cs\",\"potentialAction\":[{\"@type\":\"ReadAction\",\"target\":[\"https:\/\/rajnosky.cz\/?page_id=38\"]}]},{\"@type\":\"BreadcrumbList\",\"@id\":\"https:\/\/rajnosky.cz\/?page_id=38#breadcrumb\",\"itemListElement\":[{\"@type\":\"ListItem\",\"position\":1,\"name\":\"Home\",\"item\":\"https:\/\/rajnosky.cz\/\"},{\"@type\":\"ListItem\",\"position\":2,\"name\":\"Ochrana osobn\u00edch \u00fadaj\u016f\"}]},{\"@type\":\"WebSite\",\"@id\":\"https:\/\/rajnosky.cz\/#website\",\"url\":\"https:\/\/rajnosky.cz\/\",\"name\":\"Rajno\u0161ky\",\"description\":\"\",\"potentialAction\":[{\"@type\":\"SearchAction\",\"target\":{\"@type\":\"EntryPoint\",\"urlTemplate\":\"https:\/\/rajnosky.cz\/?s={search_term_string}\"},\"query-input\":{\"@type\":\"PropertyValueSpecification\",\"valueRequired\":true,\"valueName\":\"search_term_string\"}}],\"inLanguage\":\"cs\"}]}<\/script>\n<!-- \/ Yoast SEO plugin. -->","yoast_head_json":{"title":"Ochrana osobn\u00edch \u00fadaj\u016f - Rajno\u0161ky","robots":{"index":"index","follow":"follow","max-snippet":"max-snippet:-1","max-image-preview":"max-image-preview:large","max-video-preview":"max-video-preview:-1"},"canonical":"https:\/\/rajnosky.cz\/?page_id=38","og_locale":"cs_CZ","og_type":"article","og_title":"Ochrana osobn\u00edch \u00fadaj\u016f - Rajno\u0161ky","og_description":"GDPRSpr\u00e1vce t\u00edmto v souladu s ustanoven\u00edm \u010d.13 Na\u0159\u00edzen\u00ed Evropsk\u00e9ho parlamentu a Rady (EU) \u010d. 2016\/679 ze dne 27.dubna 2016, obecn\u00e9ho na\u0159\u00edzen\u00ed o ochran\u011b osobn\u00edch \u00fadaj\u016f (d\u00e1le jen \u201eNa\u0159\u00edzen\u00ed\u201c), informuje, \u017ee:","og_url":"https:\/\/rajnosky.cz\/?page_id=38","og_site_name":"Rajno\u0161ky","article_modified_time":"2023-05-17T13:12:10+00:00","twitter_card":"summary_large_image","twitter_misc":{"Odhadovan\u00e1 doba \u010dten\u00ed":"1 minuta"},"schema":{"@context":"https:\/\/schema.org","@graph":[{"@type":"WebPage","@id":"https:\/\/rajnosky.cz\/?page_id=38","url":"https:\/\/rajnosky.cz\/?page_id=38","name":"Ochrana osobn\u00edch \u00fadaj\u016f - Rajno\u0161ky","isPartOf":{"@id":"https:\/\/rajnosky.cz\/#website"},"datePublished":"2021-06-03T17:12:55+00:00","dateModified":"2023-05-17T13:12:10+00:00","breadcrumb":{"@id":"https:\/\/rajnosky.cz\/?page_id=38#breadcrumb"},"inLanguage":"cs","potentialAction":[{"@type":"ReadAction","target":["https:\/\/rajnosky.cz\/?page_id=38"]}]},{"@type":"BreadcrumbList","@id":"https:\/\/rajnosky.cz\/?page_id=38#breadcrumb","itemListElement":[{"@type":"ListItem","position":1,"name":"Home","item":"https:\/\/rajnosky.cz\/"},{"@type":"ListItem","position":2,"name":"Ochrana osobn\u00edch \u00fadaj\u016f"}]},{"@type":"WebSite","@id":"https:\/\/rajnosky.cz\/#website","url":"https:\/\/rajnosky.cz\/","name":"Rajno\u0161ky","description":"","potentialAction":[{"@type":"SearchAction","target":{"@type":"EntryPoint","urlTemplate":"https:\/\/rajnosky.cz\/?s={search_term_string}"},"query-input":{"@type":"PropertyValueSpecification","valueRequired":true,"valueName":"search_term_string"}}],"inLanguage":"cs"}]}},"_links":{"self":[{"href":"https:\/\/rajnosky.cz\/index.php?rest_route=\/wp\/v2\/pages\/38","targetHints":{"allow":["GET"]}}],"collection":[{"href":"https:\/\/rajnosky.cz\/index.php?rest_route=\/wp\/v2\/pages"}],"about":[{"href":"https:\/\/rajnosky.cz\/index.php?rest_route=\/wp\/v2\/types\/page"}],"author":[{"embeddable":true,"href":"https:\/\/rajnosky.cz\/index.php?rest_route=\/wp\/v2\/users\/1"}],"replies":[{"embeddable":true,"href":"https:\/\/rajnosky.cz\/index.php?rest_route=%2Fwp%2Fv2%2Fcomments&post=38"}],"version-history":[{"count":3,"href":"https:\/\/rajnosky.cz\/index.php?rest_route=\/wp\/v2\/pages\/38\/revisions"}],"predecessor-version":[{"id":401,"href":"https:\/\/rajnosky.cz\/index.php?rest_route=\/wp\/v2\/pages\/38\/revisions\/401"}],"wp:attachment":[{"href":"https:\/\/rajnosky.cz\/index.php?rest_route=%2Fwp%2Fv2%2Fmedia&parent=38"}],"curies":[{"name":"wp","href":"https:\/\/api.w.org\/{rel}","templated":true}]}}

Ochrana osobních údajů

<p><strong>GDPR</strong><br>Správce tímto v souladu s ustanovením č.13 Nařízení Evropského parlamentu a Rady (EU) č. 2016/679 ze dne 27.dubna 2016, obecného nařízení o ochraně osobních údajů (dále jen „Nařízení“), informuje, že:</p>



<ul class="wp-block-list">
<li>Osobní údaje Subjektů budou zpracovány na základě jeho svobodného souhlasu v rozsahu nezbytně nutném pro obchodní komunikaci, marketingové účely, popř. pro potřebné součinnost se státními úřady.</li>



<li>Důvod poskytnutí osobních údajů Subjektu údajů – pro účely obchodní komunikace a pro marketingové účely</li>



<li>Správce nemá v úmyslu předat osobní údaje Subjektu údajů do třetí země, mezinárodní organizaci nebo jiným, než výše uvedeným třetím osobám.</li>



<li>Subjekt údajů má právo kdykoliv odvolat svůj souhlas se zpracování, osobních údajů, právo požadovat od Správce přístup ke svým osobním údajům, jejich opravu nebo výmaz, popř. Omezení zpracování, a vznést námitku proti zpracování, má právo na přenositelnost těchto údajů k jinému správci, jakož i právo podat stížnost u Úřadu pro ochranu osobních údajů, má-li za to, že Správce přizpracování osobních údajů postupuje v rozporu s Nařízením.</li>
</ul>

<p>GDPRSprávce tímto v souladu s ustanovením č.13 Nařízení Evropského parlamentu a Rady (EU) č. 2016/679 ze dne 27.dubna 2016, obecného nařízení o ochraně osobních údajů (dále jen „Nařízení“), informuje, že:</p>

<!-- This site is optimized with the Yoast SEO plugin v26.9 - https://yoast.com/product/yoast-seo-wordpress/ -->
<title>Ochrana osobních údajů - Rajnošky</title>
<meta name="robots" content="index, follow, max-snippet:-1, max-image-preview:large, max-video-preview:-1" />
<link rel="canonical" href="https://rajnosky.cz/?page_id=38" />
<meta property="og:locale" content="cs_CZ" />
<meta property="og:type" content="article" />
<meta property="og:title" content="Ochrana osobních údajů - Rajnošky" />
<meta property="og:description" content="GDPRSprávce tímto v souladu s ustanovením č.13 Nařízení Evropského parlamentu a Rady (EU) č. 2016/679 ze dne 27.dubna 2016, obecného nařízení o ochraně osobních údajů (dále jen „Nařízení“), informuje, že:" />
<meta property="og:url" content="https://rajnosky.cz/?page_id=38" />
<meta property="og:site_name" content="Rajnošky" />
<meta property="article:modified_time" content="2023-05-17T13:12:10+00:00" />
<meta name="twitter:card" content="summary_large_image" />
<meta name="twitter:label1" content="Odhadovaná doba čtení" />
	<meta name="twitter:data1" content="1 minuta" />
<script type="application/ld+json" class="yoast-schema-graph">{"@context":"https://schema.org","@graph":[{"@type":"WebPage","@id":"https://rajnosky.cz/?page_id=38","url":"https://rajnosky.cz/?page_id=38","name":"Ochrana osobních údajů - Rajnošky","isPartOf":{"@id":"https://rajnosky.cz/#website"},"datePublished":"2021-06-03T17:12:55+00:00","dateModified":"2023-05-17T13:12:10+00:00","breadcrumb":{"@id":"https://rajnosky.cz/?page_id=38#breadcrumb"},"inLanguage":"cs","potentialAction":[{"@type":"ReadAction","target":["https://rajnosky.cz/?page_id=38"]}]},{"@type":"BreadcrumbList","@id":"https://rajnosky.cz/?page_id=38#breadcrumb","itemListElement":[{"@type":"ListItem","position":1,"name":"Home","item":"https://rajnosky.cz/"},{"@type":"ListItem","position":2,"name":"Ochrana osobních údajů"}]},{"@type":"WebSite","@id":"https://rajnosky.cz/#website","url":"https://rajnosky.cz/","name":"Rajnošky","description":"","potentialAction":[{"@type":"SearchAction","target":{"@type":"EntryPoint","urlTemplate":"https://rajnosky.cz/?s={search_term_string}"},"query-input":{"@type":"PropertyValueSpecification","valueRequired":true,"valueName":"search_term_string"}}],"inLanguage":"cs"}]}</script>
<!-- / Yoast SEO plugin. -->

Ochrana osobních údajů - Rajnošky

GDPRSprávce tímto v souladu s ustanovením č.13 Nařízení Evropského parlamentu a Rady (EU) č. 2016/679 ze dne 27.dubna 2016, obecného nařízení o ochraně osobních údajů (dále jen „Nařízení“), informuje, že:

Rajnošky
